is the remainder when 3680557 is divided by 20?
17
Calculate the remainder when 208853 is divided by 2322.
2195
What is the remainder when 35846 is divided by 5922?
314
What is the remainder when 2450833 is divided by 1622?
1613
What is the remainder when 20126808 is divided by 170?
168
What is the remainder when 4602 is divided by 1701?
1200
Calculate the remainder when 3291365 is divided by 36.
29
What is the remainder when 4206461 is divided by 1562?
1557
What is the remainder when 47668 is divided by 3147?
463
Calculate the remainder when 104994 is divided by 4529.
827
Calculate the remainder when 1199933368 is divided by 237.
235
What is the remainder when 57649693 is divided by 52?
49
Calculate the remainder when 2428418 is divided by 143.
135
What is the remainder when 415286 is divided by 3645?
3401
What is the remainder when 26047 is divided by 2398?
2067
What is the remainder when 5348445 is divided by 2114?
25
Calculate the remainder when 59941685 is divided by 36.
29
Calculate the remainder when 3518344 is divided by 67.
40
Calculate the remainder when 29849279 is divided by 236.
235
Calculate the remainder when 2771340 is divided by 42.
12
What is the remainder when 22963 is divided by 2757?
907
What is the remainder when 108179147 is divided by 1034?
1033
Calculate the remainder when 10546 is divided by 489.
277
What is the remainder when 965963 is divided by 18224?
91
What is the remainder when 291885 is divided by 144581?
2723
What is the remainder when 4503067 is divided by 2287?
2251
What is the remainder when 73805 is divided by 360?
5
Calculate the remainder when 9227 is divided by 4100.
1027
Calculate the remainder when 635079382 is divided by 43.
41
What is the remainder when 24247891 is divided by 655348?
15
Calculate the remainder when 14892745 is divided by 230.
15
Calculate the remainder when 47572901 is divided by 397.
391
Calculate the remainder when 141232 is divided by 3217.
2901
Calculate the remainder when 2566992 is divided by 381.
195
What is the remainder when 526297 is divided by 3133?
3086
Calculate the remainder when 144741 is divided by 2010.
21
What is the remainder when 42055862 is divided by 4?
2
What is the remainder when 3809580 is divided by 2065?
1720
Calculate the remainder when 2057567 is divided by 370.
367
Calculate the remainder when 6939941 is divided by 52180.
1
What is the remainder when 399655 is divided by 13779?
64
Calculate the remainder when 346608 is divided by 181.
174
Calculate the remainder when 729841 is divided by 243267.
40
Calculate the remainder when 218292 is divided by 691.
627
What is the remainder when 85287 is divided by 16936?
607
Calculate the remainder when 78954829 is divided by 426.
415
Calculate the remainder when 1733953 is divided by 37694.
29
Calculate the remainder when 12290968 is divided by 1575.
1243
Calculate the remainder when 68003 is divided by 13043.
2788
What is the remainder when 2658299 is divided by 704?
699
Calculate the remainder when 29396009 is divided by 766.
759
Calculate the remainder when 3681390 is divided by 302.
10
What is the remainder when 1677036 is divided by 5823?
12
Calculate the remainder when 2900286 is divided by 103578.
102
Calculate the remainder when 17671 is divided by 17558.
113
Calculate the remainder when 244236 is divided by 287.
286
What is the remainder when 7697949 is divided by 7108?
7093
What is the remainder when 31803793 is divided by 3061?
3
What is the remainder when 23917436 is divided by 23917402?
34
Calculate the remainder when 79776 is divided by 992.
416
What is the remainder when 1061317 is divided by 46142?
51
Calculate the remainder when 2433259 is divided by 29.
14
What is the remainder when 44620196 is divided by 310?
36
What is the remainder when 4492078 is divided by 238?
66
What is the remainder when 213154 is divided by 30423?
193
What is the remainder when 18976 is divided by 1569?
148
Calculate the remainder when 26505034 is divided by 102.
28
Calculate the remainder when 1094408 is divided by 48.
8
Calculate the remainder when 5557328 is divided by 1133.
1096
What is the remainder when 87485613 is divided by 87485600?
13
Calculate the remainder when 2913943 is divided by 74.
45
What is the remainder when 206740 is divided by 1990?
1770
Calculate the remainder when 261684 is divided by 6461.
3244
Calculate the remainder when 1211 is divided by 3.
2
Calculate the remainder when 2722158 is divided by 1088.
1070
Calculate the remainder when 210240 is divided by 105115.
10
What is the remainder when 338695 is divided by 21108?
967
Calculate the remainder when 460178 is divided by 4109.
4079
What is the remainder when 6490538 is divided by 917?
12
What is the remainder when 629123241 is divided by 29?
25
What is the remainder when 7049635 is divided by 463?
460
Calculate the remainder when 2602065 is divided by 719.
4
Calculate the remainder when 56273566 is divided by 24.
22
Calculate the remainder when 14950 is divided by 14741.
209
Calculate the remainder when 20460086 is divided by 1590.
1556
What is the remainder when 1635042 is divided by 23?
18
Calculate the remainder when 2057022 is divided by 298.
226
Calculate the remainder when 244877 is divided by 198.
149
Calculate the remainder when 6349812 is divided by 1548.
1464
Calculate the remainder when 4695139 is divided by 221.
215
What is the remainder when 100880141 is divided by 17?
16
What is the remainder when 37917286 is divided by 317?
282
Calculate the remainder when 1217618 is divided by 97.
74
Calculate the remainder when 4692481 is divided by 276027.
22
What is the remainder when 2860740 is divided by 4865?
120
What is the remainder when 92368 is divided by 12682?
3594
What is the remainder when 45589 is divided by 1201?
1152
What is the remainder when 217682 is divided by 16743?
23
What is the remainder when 1657752 is divided by 828870?
12
Calculate the remainder when 237525 is divided by 4241.
29
What is the remainder when 3059987 is divided by 194?
25
What is the remainder when 8619252 is divided by 92?
48
Calculate the remainder when 95809286 is divided by 9418.
9390
What is the remainder when 15876241 is divided by 78208?
17
Calculate the remainder when 258564 is divided by 41.
18
What is the remainder when 22563018 is divided by 5640745?
38
What is the remainder when 714494 is divided by 4580?
14
Calculate the remainder when 200969 is divided by 66895.
284
Calculate the remainder when 4245266 is divided by 47.
38
Calculate the remainder when 223771 is divided by 342.
103
Calculate the remainder when 32122618 is divided by 8030642.
50
What is the remainder when 1209717 is divided by 4917?
135
Calculate the remainder when 611363752 is divided by 7.
6
Calculate the remainder when 1994587 is divided by 2055.
1237
What is the remainder when 1679892 is divided by 863?
494
What is the remainder when 174402 is divided by 2603?
1
What is the remainder when 706063 is divided by 19610?
103
What is the remainder when 1557118 is divided by 4944?
4702
Calculate the remainder when 44518 is divided by 22056.
406
What is the remainder when 179467 is divided by 3914?
3337
Calculate the remainder when 171467 is divided by 85729.
9
Calculate the remainder when 1672377 is divided by 137.
18
What is the remainder when 19156094 is divided by 2166?
2156
What is the remainder when 37923 is divided by 26170?
11753
Calculate the remainder when 45321 is divided by 1101.
180
What is the remainder when 11622235 is divided by 51?
49
Calculate the remainder when 198370 is divided by 724.
718
What is the remainder when 2274019 is divided by 11?
0
What is the remainder when 9092219 is divided by 207?
158
Calculate the remainder when 23507620 is divided by 71020.
0
What is the remainder when 248046 is divided by 248034?
12
What is the remainder when 1300062 is divided by 1324?
1218
Calculate the remainder when 584434 is divided by 202.
48
Calculate the remainder when 296575 is divided by 59310.
25
Calculate the remainder when 435883 is divided by 1424.
139
What is the remainder when 4351956 is divided by 621655?
371
What is the remainder when 507475 is divided by 19501?
449
Calculate the remainder when 31245 is divided by 251.
121
Calculate the remainder when